**3 + 5*c**2 + c. Let o be j(4). Suppose -10 - o = -5*h. Suppose 4*i - 26 = h. Calculate the highest common factor of 4 and i.
4
Let z = 48 - 30. Calculate the greatest common divisor of 144 and z.
18
Suppose 8*j - 4*j + 1092 = 0. Let f = -183 - j. What is the greatest common factor of 36 and f?
18
Let p(n) = n**3 + 16*n**2 + 22*n + 7. Let x be p(-15). Let v = 154 + x. Calculate the highest common divisor of v and 7.
7
Suppose 0 = -3*m + 29 + 1. Let b be (5/m)/((-1)/(-14)). Suppose -4*z = -103 - 121. Calculate the highest common factor of b and z.
7
Let c be (36/(-10))/((-1)/10). Suppose 2*p - 14 = c. What is the greatest common factor of p and 5?
5
Let o = 2 + 10. Let j(f) = f**2 - 9*f - 9. Let c be j(o). Calculate the highest common divisor of 81 and c.
27
Let d be (-239)/(-4) - (-3)/12. Suppose 0*n = 3*n. Suppose -j - 2*j + 72 = n. What is the greatest common divisor of d and j?
12
Let k = -93 - -261. Calculate the greatest common divisor of 21 and k.
21
Let y be (-6)/(-8)*2*2. Let z = -7 + 12. Suppose -z*a + 68 + 37 = 0. Calculate the greatest common divisor of a and y.
3
Suppose -2*k = 4*t + 12 - 50, 0 = 3*k - 5*t - 79. What is the highest common factor of 23 and k?
23
Let o = -119 - -171. What is the highest common factor of 13 and o?
13
Let y(d) = -d**2 + 1. Let o be y(0). Let b = o - -4. Suppose 5*f + 5 + b = 0, -s - 5*f = -102. What is the greatest common factor of s and 16?
16
Suppose 0 = 5*c - 2*d - 2*d - 102, 2*c + 3*d = 50. Suppose -c = -5*j + 8. What is the greatest common divisor of 42 and j?
6
Let p = 4 - 2. Suppose -h - p*d = -0*h - 4, -3*h + 4*d - 8 = 0. Suppose 2*i = 5*j + 14 - 614, h = 5*j - i - 600. What is the highest common divisor of 15 and j?
15
Let g(l) = l**2 + l + 76. Let z be g(0). Suppose 3 = j, 4*m = -3*j - j + 88. Calculate the greatest common factor of z and m.
19
Let h(s) = -s**3 - 17*s**2 + 32. Let z be h(-17). Calculate the highest common divisor of 4 and z.
4
Let p be 1/(-2)*-274 + 1. Let w = p + -96. Calculate the highest common divisor of 6 and w.
6
Suppose -2*s + 65 = -37. Suppose 3*m = 5*q - 19 - 4, s = 5*q + 4*m. What is the highest common factor of q and 21?
7
Let r(o) = o**2 - o + 42. Let l be r(0). What is the greatest common divisor of l and 21?
21
Let h be 1 + 0 - -6 - 1. Let k = 5 - 3. What is the highest common divisor of h and k?
2
Let q = -10 - -108. Calculate the highest common divisor of q and 14.
14
Let m be -1 + (-368)/(-4) - -1. What is the highest common factor of 23 and m?
23
Let r be -2 + 3 + 6 + -1. Let p = r - 2. What is the greatest common divisor of 8 and p?
4
Let k = -3 + 0. Let c be ((-160)/(-3))/(k/(-9)). Calculate the highest common factor of 20 and c.
20
Suppose -3*d - 5*f + 39 = -d, 0 = 4*d + f - 69. Let l = 279 + -143. Calculate the greatest common factor of d and l.
17
Let f(b) = -b**2 - 5*b - 4. Let o be f(-5). Let m(l) = l**2 + l - 2. Let c be m(o). What is the greatest common factor of 40 and c?
10
Let l = -3 + 3. Suppose t = -w - 19 + 48, l = -4*w + 3*t + 151. Calculate the greatest common factor of w and 17.
17
Suppose 2*w - 3*w = -2. Let c be 20/6 - 4/(-6). What is the highest common divisor of w and c?
2
Suppose 3*w - 4 = 128. What is the greatest common divisor of w and 11?
11
Let s(g) = -g - 3. Let b be ((-4)/(-6))/(2/(-15)). Let t be s(b). Suppose 0 = t*y - 10 - 78. Calculate the highest common factor of y and 4.
4
Let p(j) = j**2 - 2*j + 9. Let c be p(0). Calculate the highest common divisor of c and 6.
3
Let l(u) = 2*u - 12. Let b be l(10). What is the highest common divisor of b and 88?
8
Suppose 4*x + 4*m = -8, -2*x + 11 + 10 = -3*m. Let w(z) = -2*z - 2. Let v be w(x). Let o be v/4*(-18)/4. Calculate the greatest common factor of o and 36.
9
Let q = -119 - -196. Suppose -3*r + 46 = -2*i, -2*i = -4*r + 26 + 34. Let b = r + -7. Calculate the greatest common factor of b and q.
7
Let r = -14 - -16. Suppose -130 = -2*v + u, -r*v = -u + 6*u - 118. Suppose l + 0*l - 16 = 0. What is the highest common divisor of v and l?
16
Suppose -2*q + 192 = -4*r, 508 = 5*q - 2*r + 6*r. Suppose 5*m + 5*i - q = 0, -3*m = i - 78 + 26. What is the greatest common factor of m and 80?
16
Let s = -50 - -64. What is the greatest common factor of s and 112?
14
Let n(b) = -17*b. Let u(c) = -9*c. Let f(t) = 4*n(t) - 7*u(t). Let r be f(-2). Calculate the highest common factor of 40 and r.
10
Let g = 2 - -10. What is the greatest common factor of g and 84?
12
Let s be 20/6 - 2/(-3). Suppose 4*y = 106 + 10. Suppose 2*o - 4*q = 104, -o + y = -5*q - 35. Calculate the highest common factor of o and s.
4
Let g(h) = 23*h**2 - 2. Let z be g(-2). Suppose -3*t + t = -72. Calculate the greatest common factor of z and t.
18
Suppose 0*i = -i + 85. Suppose -5*j + 54 = 3*q - 49, 3*q = 4*j + i. Suppose -2*a - q = -111. Calculate the highest common factor of 10 and a.
10
Suppose -5 = -n + 9. Let u = n + -13. What is the greatest common factor of u and 1?
1
Let s be (-1 + -10)/((-6)/72). Suppose 0 = -t + 5*t - s. What is the highest common divisor of 3 and t?
3
Let b(i) = -i**3 - i**2 + i - 4. Let k be b(0). Let w = 1 - k. Suppose -2*d - 5*q - 14 = w, -5*q = d + 22. What is the highest common divisor of d and 6?
3
Let n = 0 - 0. Suppose -2*l = -n*l - 12. Calculate the highest common divisor of 6 and l.
6
Let h = 192 - 122. Let c = h + 20. Calculate the highest common factor of 36 and c.
18
Suppose 0 = x + x - 34. What is the highest common divisor of 85 and x?
17
Let f be 66/(3 + 0)*8. Let b(k) = -2*k + 4. Let c be b(-6). What is the highest common factor of f and c?
16
Suppose 0 = -4*q + 5*q - 12. Let n = -6 + 8. Suppose u = -n + 86. What is the highest common factor of u and q?
12
Let c = 42 - 18. Let j = -125 + 161. What is the highest common factor of j and c?
12
Suppose -3*o + 6 = -9. Suppose 5*i = -4*d + 175, -d + o = i - 38. Calculate the highest common factor of 100 and d.
20
Let h be (-6)/(-10) + (-2)/(-5). Let k = 7 + h. Suppose -k = y - 28. What is the highest common factor of 50 and y?
10
Let o(x) = -2*x - 2. Let i be o(-3). What is the highest common divisor of 4 and i?
4
Suppose -2*o + 14 = -4*n, o = -2*n + 22 - 11. Suppose g - 2*r - r = 15, o = g + 3*r. What is the highest common divisor of g and 8?
4
Let w = -43 - -62. What is the highest common divisor of w and 38?
19
Let n(h) = -h**2 - 11*h. Let u be (-21)/1 - (-1 + -2). Let g = 9 + u. Let l be n(g). Calculate the greatest common factor of 54 and l.
18
Let l = 5 - 8. Let h(n) = -14*n + 12 + 20 - 29. Let u be h(l). What is the highest common divisor of 9 and u?
9
Let l(a) = a + 8. Let g be l(-10). Let p be (-1)/(-1) + (57 - g). What is the greatest common divisor of 24 and p?
12
Let g be (-1)/(-4) + (-678)/(-8). Let f = 14 - 10. Suppose -3*u = t - 48, 4*t + t = f*u - 83. Calculate the highest common divisor of g and u.
17
Let g be 2102*2/36 - 12/(-54). What is the greatest common factor of 13 and g?
13
Suppose -2*k + 6 = k. Suppose -k*x - 25 = 5*m, -m - 25 = -3*x + 4*m. Let u be (1 + x)/(3/18). What is the greatest common factor of u and 3?
3
Let p(n) be the first derivative of 3*n**4 + n**3/3 - n - 1. Let f be p(1). Suppose -120 = -29*c + 24*c. Calculate the highest common factor of c and f.
12
Let n(x) = x + 6. Let u be n(-3). Let t(l) = -2 - 2 - l**2 + 2 + u*l**3. Let j be t(2). Calculate the highest common factor of j and 2.
2
Let w(g) = 15*g**2 + 2*g - 1. Let x be w(1). What is the highest common divisor of 112 and x?
16
Let p = -53 - -76. What is the greatest common factor of p and 92?
23
Suppose 609*y - 612*y + 36 = 0. What is the highest common factor of 2 and y?
2
Let s(r) = 355*r**3 + r**2 - 2*r + 1. Let p = -4 + 5. Let h be s(p). Suppose -3*d - 43 + h = 0. What is the greatest common divisor of d and 13?
13
Suppose 2*o - 47 = 3*a, a = -0*a + 3. What is the greatest common factor of 14 and o?
14
Let a(j) = j**2 + 18*j - 13. Let m be a(-19). What is the greatest common divisor of 30 and m?
6
Let h(f) = -2*f**2 + 26*f - 6. Let l be h(12). What is the highest common divisor of 144 and l?
18
Let h be (-4 + -1)*12/(-5). Suppose -2*o + 0*o + 17 = z, 5*z - 13 = 2*o. Suppose -r + o = -0*r. Calculate the greatest common factor of h and r.
6
Suppose 0 = -4*s + 2*s - 5*w + 33, 4*s - 48 = -4*w. Suppose 5*j = 4*o - 28 - 69, 52 = 4*o + 4*j. C